 of 4565 and 550.
55
Calculate the highest common divisor of 9 and 1107.
9
What is the greatest common factor of 12 and 69?
3
What is the highest common factor of 133 and 105?
7
What is the highest common factor of 238 and 170?
34
What is the highest common factor of 476 and 308?
28
Calculate the highest common divisor of 242 and 2.
2
What is the highest common factor of 175 and 21?
7
Calculate the highest common factor of 238 and 34.
34
What is the greatest common divisor of 950 and 380?
190
Calculate the highest common divisor of 3 and 543.
3
Calculate the highest common divisor of 14018 and 86.
86
What is the greatest common factor of 852 and 6177?
213
What is the highest common divisor of 165 and 99?
33
Calculate the highest common divisor of 1430 and 50.
10
Calculate the greatest common factor of 96 and 12.
12
What is the greatest common factor of 81 and 108?
27
What is the greatest common factor of 333 and 111?
111
Calculate the greatest common divisor of 3056 and 144.
16
What is the greatest common factor of 885 and 360?
15
Calculate the highest common factor of 32 and 424.
8
What is the highest common factor of 76 and 96?
4
What is the greatest common factor of 90 and 570?
30
What is the greatest common divisor of 1265 and 3289?
253
What is the highest common divisor of 128 and 4?
4
What is the greatest common divisor of 14352 and 78?
78
What is the greatest common factor of 3565 and 115?
115
What is the highest common factor of 225 and 2655?
45
Calculate the highest common divisor of 504 and 376.
8
What is the highest common factor of 32 and 800?
32
What is the highest common factor of 3723 and 17?
17
Calculate the greatest common factor of 4771 and 13.
13
What is the greatest common divisor of 1881 and 33?
33
Calculate the greatest common divisor of 2234 and 2.
2
What is the greatest common factor of 106 and 4558?
106
Calculate the greatest common divisor of 26 and 10114.
26
What is the highest common factor of 38 and 54?
2
Calculate the highest common factor of 3 and 4839.
3
Calculate the greatest common divisor of 70665 and 105.
105
Calculate the highest common divisor of 4860 and 216.
108
Calculate the highest common factor of 40 and 210.
10
Calculate the greatest common factor of 1674 and 27.
27
Calculate the highest common divisor of 423 and 1551.
141
What is the highest common divisor of 200 and 680?
40
What is the highest common factor of 58004 and 17?
17
What is the greatest common factor of 2223 and 117?
117
What is the greatest common factor of 8 and 968?
8
What is the greatest common factor of 69 and 2047?
23
What is the greatest common divisor of 15 and 240?
15
Calculate the highest common divisor of 2494 and 86.
86
What is the greatest common divisor of 34 and 8364?
34
Calculate the highest common divisor of 250 and 10.
10
What is the greatest common factor of 232 and 152?
8
Calculate the highest common divisor of 824 and 103.
103
Calculate the greatest common divisor of 43 and 43.
43
Calculate the greatest common divisor of 1080 and 18225.
135
What is the greatest common factor of 2 and 25?
1
Calculate the greatest common divisor of 135 and 189.
27
What is the highest common factor of 72 and 126?
18
What is the greatest common divisor of 2040 and 2880?
120
Calculate the highest common factor of 215 and 946.
43
What is the highest common divisor of 1020 and 5?
5
What is the greatest common divisor of 192 and 32?
32
Calculate the highest common factor of 407 and 37.
37
Calculate the highest common factor of 2923 and 79.
79
Calculate the greatest common divisor of 3502 and 34.
34
Calculate the highest common divisor of 116 and 377.
29
Calculate the highest common factor of 243 and 54.
27
What is the greatest common divisor of 196 and 84?
28
What is the greatest common divisor of 39 and 21619?
13
Calculate the greatest common factor of 63 and 63.
63
Calculate the highest common divisor of 650 and 494.
26
What is the greatest common factor of 8 and 500?
4
What is the highest common divisor of 77 and 528?
11
Calculate the highest common factor of 61 and 244.
61
Calculate the greatest common factor of 371 and 1908.
53
Calculate the highest common divisor of 162 and 570.
6
Calculate the highest common factor of 14 and 1708.
14
Calculate the highest common divisor of 912 and 396.
12
What is the highest common divisor of 588 and 364?
28
What is the highest common divisor of 180 and 75?
15
Calculate the highest common factor of 55 and 12265.
55
Calculate the highest common divisor of 957 and 435.
87
What is the highest common divisor of 135 and 90?
45
Calculate the greatest common divisor of 6464 and 128.
64
Calculate the highest common factor of 9 and 15237.
9
Calculate the greatest common factor of 387 and 2193.
129
What is the greatest common factor of 779 and 41?
41
Calculate the greatest common factor of 1498 and 3852.
214
Calculate the greatest common factor of 153 and 81.
9
What is the greatest common factor of 254 and 2667?
127
Calculate the greatest common factor of 28 and 343.
7
What is the greatest common factor of 15 and 9795?
15
What is the highest common divisor of 16415 and 335?
335
What is the greatest common divisor of 46 and 1334?
46
Calculate the greatest common factor of 15 and 3435.
15
What is the greatest common divisor of 335 and 5?
5
What is the greatest common factor of 7 and 12159?
7
Calculate the greatest common factor of 184 and 253.
23
Calculate the highest common divisor of 3091 and 4496.
281
What is the greatest common divisor of 15 and 168?
3
Calculate the highest common factor of 2727 and 189.
27
What is the highest common divisor of 297 and 18?
9
Calculate the highest common factor of 13220 and 30.
10
What is the highest common factor of 1349 and 1917?
71
Calculate the highest common factor of 864 and 80.
16
Calculate the highest common factor of 143 and 33.
11
Calculate the greatest common factor of 27 and 531.
9
What is the highest common factor of 329 and 141?
47
Calculate the highest common factor of 24 and 10572.
12
Calculate the greatest common divisor of 589 and 19.
19
What is the highest common divisor of 9 and 3411?
9
Calculate the greatest common divisor of 79 and 39579.
79
Calculate the highest common factor of 10 and 1730.
10
What is the highest common divisor of 135 and 1200?
15
What is the greatest common factor of 715 and 130?
65
What is the greatest common factor of 154 and 11?
11
What is the greatest common divisor of 253 and 46?
23
What is the greatest common factor of 130 and 10?
10
Calculate the greatest common divisor of 62 and 2.
2
Calculate the highest common factor of 737 and 2.
1
Calculate the greatest common factor of 71 and 1.
1
What is the greatest common factor of 113518 and 422?
422
Calculate the highest common divisor of 240 and 140.
20
Calculate the highest common factor of 820 and 574.
82
What is the highest common factor of 153 and 27?
9
Calculate the greatest common factor of 1628 and 3404.
148
Calculate the highest common divisor of 3502 and 544.
34
What is the highest common factor of 52 and 3796?
52
What is the highest common divisor of 384 and 84?
12
Calculate the highest common factor of 10 and 530.
10
What is the greatest common factor of 5 and 10?
5
Calculate the greatest common factor of 22360 and 4.
4
Calculate the highest common factor of 1910 and 80.
10
What is the greatest common divisor of 2665 and 39?
13
Calculate the highest common divisor of 72 and 192.
24
Calculate the highest common factor of 6286 and 14.
14
What is the highest common divisor of 1250 and 350?
50
What is the highest common divisor of 328 and 32?
8
Calculate the highest common divisor of 16 and 8.
8
Calculate the greatest common divisor of 29 and 1450.
29
What is the greatest common factor of 16 and 344?
8
Calculate the highest common divisor of 28 and 476.
28
What is the highest common factor of 180 and 60?
60
What is the greatest common divisor of 17340 and 240?
60
Calculate the greatest common divisor of 13806 and 118.
118
Calculate the highest common divisor of 6355 and 820.
205
Calculate the highest common divisor of 1230 and 21320.
410
What is the highest common divisor of 325 and 130?
65
Calculate the highest common divisor of 12 and 30.
6
What is the greatest common f